?
False
Let l(j) = -j**3 + 6*j**2 - 4*j + 4. Let q be l(5). Let u(v) = -2 - 4*v**2 + q*v**2 - 4 + v**3 - 2*v. Is u(-5) prime?
False
Let x = 28 + -43. Let h be (-2)/(-2) - (-93)/(-3). Let j = x - h. Is j prime?
False
Let y be 57/(-9) - 6/9. Let v(w) = -9*w - 6. Is v(y) composite?
True
Let r be 0/(((-8)/(-2))/2). Let w = r - 0. Suppose 45 = c + 3*c + p, 2*c + 3*p - 35 = w. Is c prime?
False
Suppose -k - 9 = -y, -y - 2*k = 2*k - 4. Let c(n) = -n**3 + 6*n**2 + 11*n - 8. Let w be c(7). Is 65/w - 2/y a prime number?
True
Let b = -12074 + 17785. Is b prime?
True
Let c(j) = j**3 + 5*j**2 + 2*j - 1. Let d be c(-3). Let l = 27 - d. Suppose -2*w = -54 - l. Is w prime?
False
Suppose 11*w - 4864 = 2737. Is w composite?
False
Let f be (-1)/(-3)*-8*3. Let g be (-2)/(2 - 0) - 0. Is (-4)/f*(-52)/g prime?
False
Suppose -130 = t - d + 65, -4*t - 783 = -3*d. Let k = t + 313. Is k prime?
False
Suppose 564 = 5*l + 99. Is l a composite number?
True
Suppose -5*u - 854 = -h, 2*u = -3*h - h + 3394. Let i = h - 1407. Is i/(-42) - 4/14 a composite number?
False
Suppose -2*m + 4*h + 478 = 0, 2*h = 4*m - h - 946. Is m a prime number?
False
Let u = 90 + -21. Is u composite?
True
Suppose 11*q = q + 3810. Is q a prime number?
False
Suppose -4*a - 1585 = -5*d + a, 2*d - 632 = 3*a. Is d composite?
True
Let d = 47 + -34. Suppose 88 = 3*w + d. Is w a composite number?
True
Let y = -9 + 7. Let a(p) = 24*p**2 - 2*p - 3. Is a(y) composite?
False
Suppose 0 = 10*a - 698 - 5432. Is a a composite number?
False
Let a(f) be the first derivative of -67*f**2/2 - 3*f + 2. Let u be a(-5). Suppose -9*r + 5*r + u = 0. Is r a prime number?
True
Let t(m) = 2*m**2 - 3*m + 1. Let v be t(2). Suppose v*b = 52 + 23. Is b a composite number?
True
Is 569 + (-12)/15*-5 a prime number?
False
Let z be 5 - 3 - 0/1. Is (-265)/(-2)*z/1 composite?
True
Let c = 2 - 1. Let k = 6 - c. Suppose k*g - 54 = -3*j, -2*j = -j + 4*g - 11. Is j a prime number?
True
Let j(r) = -3*r - 1. Let p be j(-2). Suppose 2*s = -3*h + 7, 5*h = -p*s - 0*s + 15. Is (-3 - -79) + (h - 0) prime?
False
Let m = -6 - -9. Is ((-47)/2)/(m/(-6)) prime?
True
Suppose -2*m + 9 = -1. Suppose 4*j - 217 + m = 0. Is j prime?
True
Let j = -4 + 19. Let x = -1 + j. Is x a prime number?
False
Let c(p) be the first derivative of p**3/3 - 7*p**2/2 - 9*p - 5. Is c(-4) a prime number?
False
Let q(g) = -11*g - 4. Let j(z) be the second derivative of z**5/20 - 11*z**4/12 + z**3/6 - 8*z**2 + z. Let m be j(11). Is q(m) composite?
True
Let u(t) = -t**2 + 2*t - 2. Let r be u(2). Let d(x) = 17*x**2 - 2*x - 2. Let q be d(r). Suppose 3*s = 2*y - s - q, -3*s = 0. Is y a composite number?
True
Let x(m) = 992*m**2 + 3*m + 2. Is x(-1) a composite number?
False
Let z(u) = 0*u - 6 + 7 + 3*u**2 + 6 + 8*u. Is z(-6) a prime number?
True
Let z = -155 - -224. Is z composite?
True
Suppose 3 = 2*b - 5. Suppose -4*g = -i - 4*i + 748, 3 = g. Suppose i - 4 = b*h. Is h a prime number?
True
Let o be (-5)/15 + (-2)/(-6). Suppose o*w = 2*w - 4. Is (-422)/w*(1 - 2) prime?
True
Suppose -g + 3*t + 11 = 0, -2*g = -6*g + 4*t + 44. Suppose p + 64 = g. Let i = p - -92. Is i a prime number?
False
Let c(g) = -g**3 + 6*g**2 - 10*g - 11. Is c(-6) a prime number?
False
Let d = -9 + 17. Let t(j) = 3*j - 8*j - 10 + 3 + d*j**2. Is t(6) a prime number?
True
Suppose -5*h + 112 = l - 285, 3*h - 9 = 0. Suppose -133 + l = 3*u. Is u composite?
False
Is (254/(-6))/((-11)/231) prime?
False
Let c(k) be the third derivative of 9*k**4/8 + 7*k**3/6 + 2*k**2. Is c(5) a composite number?
True
Suppose 0 = -k - 134 - 41. Suppose 3*h = -2*h - 420. Let t = h - k. Is t a prime number?
False
Let w(p) = -p**3 + 11*p**2 + p - 11. Let y be w(11). Suppose y = -c + 4, -3*c - 113 = -5*j + 300. Is j prime?
False
Let s(v) = 29*v**3 - 2*v - 1. Let u be s(-1). Let c = 11 + u. Let a = c - -31. Is a composite?
True
Let z(j) = 6*j**2 - 3*j - 1. Let m be z(4). Let f = m + -52. Is f a prime number?
True
Let d = 1 - 7. Let m be 4/d*(-30)/(-4). Let r(q) = -37*q + 6. Is r(m) a prime number?
True
Suppose -3*h = -5*z - h + 2285, 2*z + 5*h = 914. Is z prime?
True
Let n(w) = -21*w - 7. Is n(-6) composite?
True
Suppose 0 = -5*k - 5*u + 3225, 19*u + 2 = 18*u. Is k a prime number?
True
Is -3 + 5 + (-53)/(-2)*38 a composite number?
False
Let a(c) be the second derivative of c**4/12 - c**3/6 + c**2/2 + c. Let j be a(2). Suppose -2*i = j*i - 425. Is i a prime number?
False
Suppose 2*n = -8*n + 580. Is n a prime number?
False
Let c = -1690 + 4807. Is c prime?
False
Is (-6)/(-1)*508/24 composite?
False
Suppose -311 - 176 = -f. Is f composite?
False
Let j be (0 - -3)/((-6)/(-124)). Let x be -1 + 14*(-1 + 5). Suppose l - x = -2*l + 2*w, -2*l - 5*w = -j. Is l a composite number?
True
Let x = -26 - -18. Is 1/(-4) - 26/x composite?
False
Is 16563*5/45 + (-2)/(-3) composite?
True
Let r(h) = 36*h - 9. Let p be r(14). Let v = p - -196. Is v composite?
False
Suppose -14 + 6 = -u. Is ((-237)/(-6))/(4/u) a composite number?
False
Suppose -4*v - 12 = 2*s, -5*v - 15 = -0*s - s. Let d be 1686/8 + (-6)/(-24). Suppose 4*k - d + 15 = s. Is k a prime number?
False
Let v be 2 - (2 + 0) - -6. Suppose 0 = v*q - 4*q - 38. Is q composite?
False
Suppose -252 = -p - p. Suppose t = -2*t + p. Suppose y + t = l - 0*l, -85 = -2*l + y. Is l a prime number?
True
Suppose z + 900 = 5*y, -5*y + 0*z + 2*z = -905. Is y a prime number?
True
Suppose -2*r - 78 = -w + 18, r + 66 = -4*w. Let c be (-1996)/28 - 2/(-7). Let o = r - c. Is o a composite number?
True
Is (-16)/4 - 6*700/(-8) composite?
False
Let r = -747 + 1430. Is r a prime number?
True
Suppose 12 = 4*p + 4. Suppose 0*t = -p*t - 5*c + 132, -4*t = -3*c - 264. Let b = t + -43. Is b a composite number?
False
Suppose 944 = 2*l + 2*l. Suppose 3*t + t - l = 0. Is t a prime number?
True
Let q = 1233 + 733. Is q a composite number?
True
Suppose 3927 = 7*m - 602. Is m prime?
True
Let v(z) = 7*z**2 + 5*z + 2. Is v(4) a prime number?
False
Let c(f) = -2*f + 28. Let o be c(-12). Let h = 75 - o. Is h a composite number?
False
Suppose 2*n = -146 + 400. Is n a prime number?
True
Let p(a) = -387*a - 2. Let l be p(-1). Let n = l - 191. Is n a prime number?
False
Let t = 7 + -3. Suppose 4*m - r = 11, -t*m + 2*r + 1 = -13. Suppose j - 4*j = -3*a + 351, -m*a = -j - 236. Is a composite?
True
Suppose 3*v - 618 = 3*m, 5*v - 3*v + 4*m - 430 = 0. Is v composite?
True
Let m = 137 - -42. Is m a composite number?
False
Let j = -4 - -19. Let i be 39/15 - (-6)/j. Suppose -5*f + 180 = 2*o - 3*f, 0 = -f - i. Is o a prime number?
False
Let w = -390 + 772. Let l = -255 + w. Is l prime?
True
Let q(d) = -3*d - 9. Let t be q(-6). Let l be t/(-1 + 123/114). Suppose 0 = 2*k + k - l. Is k a composite number?
True
Suppose 5*p - 112 - 18 = 5*j, -71 = -3*p - 4*j. Let h = -40 + 25. Let q = p + h. Is q composite?
True
Let r = 2 - 0. Suppose -4*y + 8 = -5*j, -r*y - 2*j + 26 = j. Let h = 0 + y. Is h a composite number?
False
Suppose 9*q - 4*q = 860. Suppose 3*w = q + 101. Is w composite?
True
Suppose 5*c + 1461 + 1474 = 5*g, 587 = g + c. Is g composite?
False
Let x(r) be the third derivative of r**2 + 0 + 0*r - 1/60*r**5 - 1/3*r**4 - 1/3*r**3. Is x(-6) composite?
True
Suppose 4 = a + 2. Suppose -a*m + 13 = 3*o, 0*m = o + m - 4. Suppose 2 = o*g - 13. Is g composite?
False
Let d be (8/(-6))/((-4)/6). Suppose -2*m + d = -2. Suppose b + 72 = 4*b + 5*j, 3*j - 47 = -m*b. Is b composite?
False
Let y be (-3)/(-9) + 1250/3. Suppose -15 = g - 21. Suppose 9*a = g*a + y. Is a a prime number?
True
Let z = -22 - 20. Let b be z/(-9) - 4/6. Suppose -5*q - b*p + 59 = 0, 5 + 4 = q - 2*p. Is q composite?
False
Suppose 0 = -2*t + 3*t - 148. Suppose -2*o = -z + 75 + t, 0 = 4*o - 20. Is z prime?
True
Let u be (0/(-2))/(1 + -2). Suppose u = 5*i - 303 + 28. Is i a prime number?
False
Let u = -1 + 1. Let s(q) = q**3 - 4*q**2 - 4*q - 3. Let k be s(5). Suppose u*t = -3*m - k*t + 113, t - 75 = -2*m. Is m composite?
False
Let c(p) be the first derivative of -p**4/4 - 8*p**3/3 - p**2 - 11*p + 1. Let q be c(-8). Suppose -q*r = 3*x - 73, -r = 1 - 3. Is x a prime number?
False
Is (2 - -200) + 1/(-1) composite?
True
Suppose -v + 18 = -345. Suppose -2*j = 109 - v. Is j a prime number?
True
Let t = -32 - -193. Is t a prime number?
False
Let p = 7 - 3. Let z(b) = 2*b**3 - 3*b**2 + 3*b + 5. Is z(p) a composite